{"id":282,"date":"2019-05-16T15:36:11","date_gmt":"2019-05-16T15:36:11","guid":{"rendered":"http:\/\/guerisseurdelinvisible.ch.phoebe.preview-kreativmedia.ch\/?page_id=282"},"modified":"2026-04-23T14:27:35","modified_gmt":"2026-04-23T14:27:35","slug":"passeur-dames","status":"publish","type":"page","link":"https:\/\/guerisseurdelinvisible.ch\/?page_id=282","title":{"rendered":"Passeur d&rsquo;\u00e2mes"},"content":{"rendered":"\n<h2>Prochaines dates<\/h2>\n\n\n\n<div class=\"wp-block-media-text alignwide is-stacked-on-mobile\"><figure class=\"wp-block-media-text__media\"><img loading=\"lazy\" width=\"1024\" height=\"685\" src=\"https:\/\/guerisseurdelinvisible.ch\/wp-content\/uploads\/2023\/08\/angel-669262_1280-1024x685.jpg\" alt=\"\" class=\"wp-image-2336 size-full\" srcset=\"https:\/\/guerisseurdelinvisible.ch\/wp-content\/uploads\/2023\/08\/angel-669262_1280-1024x685.jpg 1024w, https:\/\/guerisseurdelinvisible.ch\/wp-content\/uploads\/2023\/08\/angel-669262_1280-300x201.jpg 300w, https:\/\/guerisseurdelinvisible.ch\/wp-content\/uploads\/2023\/08\/angel-669262_1280-768x514.jpg 768w, https:\/\/guerisseurdelinvisible.ch\/wp-content\/uploads\/2023\/08\/angel-669262_1280.jpg 1280w\" sizes=\"(max-width: 706px) 89vw, (max-width: 767px) 82vw, 740px\" \/><\/figure><div class=\"wp-block-media-text__content\">\n<p>Stage d\u2019une journ\u00e9e, <br>Durant cette journ\u00e9e vous apprenez \u00e0 communiquer avec les \u00e2mes humaines d\u00e9sincarn\u00e9e rest\u00e9es sur ce plan terrestre, les aider \u00e0 leurs recouvrements et de passer un portail s\u00e9curis\u00e9.<\/p>\n<\/div><\/div>\n\n\n\n<p class=\"has-pale-cyan-blue-background-color has-background\">Dates \u00e0 venirs     <strong>Pr\u00e9requis :  <\/strong>Rupture des contrats d\u2019\u00e2mes et clair ressenti.<\/p>\n\n\n\n<p>Des millions d&rsquo;\u00e2mes ne sont jamais arriv\u00e9es \u00e0 passer dans le monde de l\u2019au-del\u00e0, cela pour diverses raisons.<\/p>\n\n\n\n<p>Entre autre des d\u00e9c\u00e8s inhabituels comme des meurtres, des accidents graves et subits ou le choix d&rsquo;interrompre cette vie.<br><br>J\u2019\u0153uvre&nbsp;pour les aider \u00e0 cheminer dans la lumi\u00e8re, par une c\u00e9r\u00e9monie que vous pratiquez. Celle-ci vous permet d\u2019\u00eatre en paix et de pouvoir faire le deuil.<\/p>\n\n\n\n<p class=\"has-very-dark-gray-color has-pale-cyan-blue-background-color has-text-color has-background\"> Pour vous inscrire au cours merci de compl\u00e9ter le <a href=\"https:\/\/guerisseurdelinvisible.ch.\/?page_id=428\">formulaire d\u2019inscription<\/a>.<br>ou pour plus d&rsquo;informations direct, me contacter au 079 481 80 00<\/p>\n\n\n\n<p class=\"has-luminous-vivid-orange-color has-text-color\"><strong>Mon CV de passeur d\u2019\u00e2mes<\/strong><br><strong>De 2004 \u00e0 2006<\/strong> durant les s\u00e9minaires en fran\u00e7ais au Arthur Findlay coll\u00e8ge Angleterre (le premier coll\u00e8ge du monde pour l\u2019avancement du spiritisme et des sciences psychiques), entre autres cours de m\u00e9diumnit\u00e9, transe gu\u00e9rison, parl\u00e9e et \u00e9crite, j\u2019ai appris \u00e0 communiquer avec les (morts) les \u00e2mes humaines d\u00e9sincarn\u00e9es rest\u00e9es sur ce plan terrestre. Ind\u00e9pendamment de leurs messages, leurs demandes \u00e9tait de les aider \u00e0 pouvoir continuer leur chemin, passer le voile, retrouver leurs groupes d\u2019\u00e2mes.<br>Apr\u00e8s avoir quelque peu gal\u00e9r\u00e9, pour trouver les bonnes m\u00e9thodes, les bons chemins, ouvrir les bonnes portes. Cr\u00e9er des stages de passeur d\u2019\u00e2mes \u00e9tait \u00e9vident, pour \u00e9viter que les personnes aptes et (dites passeur d\u2019\u00e2mes) gal\u00e8rent &nbsp;et commettent des erreurs, qui parfois, pour lesdites \u00e2mes d\u00e9sincarn\u00e9es, peuvent \u00eatre catastrophiques.\n\n<\/p>\n\n\n\n<p class=\"has-light-green-cyan-background-color has-background\"><strong>Retour \u00e0 la page ;<\/strong><br><strong>R\u00e9siliation des contrats d&rsquo;\u00e2mes et entit\u00e9s  (esprits n\u00e9gatifs)   <\/strong><a href=\"https:\/\/guerisseurdelinvisible.ch\/?page_id=198\"><strong>ICI<\/strong><\/a><br><strong>D\u00e9simplantation des dispositifs de limitation spirituelle  <\/strong><a href=\"https:\/\/guerisseurdelinvisible.ch\/?page_id=202\"><strong>ICI<\/strong><\/a><br><strong>Passeur d&rsquo;\u00e2mes (les aider \u00e0 cheminer vers la lumi\u00e8re)  <\/strong><a href=\"https:\/\/guerisseurdelinvisible.ch\/?page_id=194\"><strong>ICI<\/strong><\/a><strong><br>Reiki   (\u00e9nergie de la force univercelle de vie)    <\/strong><a href=\"https:\/\/guerisseurdelinvisible.ch\/?page_id=206\"><strong>ICI<\/strong><\/a><strong><br>Chaman  (une personne qui agit en tant que guide spirituel)   <\/strong><a href=\"https:\/\/guerisseurdelinvisible.ch\/?page_id=178\"><strong>ICI<\/strong><\/a>        <br><br><strong>Massage manuel classique <\/strong> <a href=\"https:\/\/guerisseurdelinvisible.ch\/?page_id=220\"><strong>ICI<\/strong><\/a><br><strong>Massage aux pierres chaudes <a href=\"https:\/\/guerisseurdelinvisible.ch\/?page_id=223\">ICI<\/a><\/strong><br><br><strong>Prendre un R.D.V   au   079 481 80 00   ou    par E-mail   <\/strong><a href=\"https:\/\/guerisseurdelinvisible.ch\/?page_id=38\"><strong>ICI<\/strong><\/a><\/p>\n","protected":false},"excerpt":{"rendered":"<p>Prochaines dates Stage d\u2019une journ\u00e9e, Durant cette journ\u00e9e vous apprenez \u00e0 communiquer avec les \u00e2mes humaines d\u00e9sincarn\u00e9e rest\u00e9es sur ce plan terrestre, les aider \u00e0 leurs recouvrements et de passer un portail s\u00e9curis\u00e9. Dates \u00e0 venirs Pr\u00e9requis : Rupture des contrats d\u2019\u00e2mes et clair ressenti. Des millions d&rsquo;\u00e2mes ne sont jamais arriv\u00e9es \u00e0 passer dans &hellip; <\/p>\n<p class=\"link-more\"><a href=\"https:\/\/guerisseurdelinvisible.ch\/?page_id=282\" class=\"more-link\">Continuer la lecture<span class=\"screen-reader-text\"> de &laquo;&nbsp;Passeur d&rsquo;\u00e2mes&nbsp;&raquo;<\/span><\/a><\/p>\n","protected":false},"author":1,"featured_media":506,"parent":0,"menu_order":0,"comment_status":"closed","ping_status":"closed","template":"","meta":[],"_links":{"self":[{"href":"https:\/\/guerisseurdelinvisible.ch\/index.php?rest_route=\/wp\/v2\/pages\/282"}],"collection":[{"href":"https:\/\/guerisseurdelinvisible.ch\/index.php?rest_route=\/wp\/v2\/pages"}],"about":[{"href":"https:\/\/guerisseurdelinvisible.ch\/index.php?rest_route=\/wp\/v2\/types\/page"}],"author":[{"embeddable":true,"href":"https:\/\/guerisseurdelinvisible.ch\/index.php?rest_route=\/wp\/v2\/users\/1"}],"replies":[{"embeddable":true,"href":"https:\/\/guerisseurdelinvisible.ch\/index.php?rest_route=%2Fwp%2Fv2%2Fcomments&post=282"}],"version-history":[{"count":31,"href":"https:\/\/guerisseurdelinvisible.ch\/index.php?rest_route=\/wp\/v2\/pages\/282\/revisions"}],"predecessor-version":[{"id":2766,"href":"https:\/\/guerisseurdelinvisible.ch\/index.php?rest_route=\/wp\/v2\/pages\/282\/revisions\/2766"}],"wp:featuredmedia":[{"embeddable":true,"href":"https:\/\/guerisseurdelinvisible.ch\/index.php?rest_route=\/wp\/v2\/media\/506"}],"wp:attachment":[{"href":"https:\/\/guerisseurdelinvisible.ch\/index.php?rest_route=%2Fwp%2Fv2%2Fmedia&parent=282"}],"curies":[{"name":"wp","href":"https:\/\/api.w.org\/{rel}","templated":true}]}}

Passeur d&rsquo;âmes

<h2>Prochaines dates</h2>



<div class="wp-block-media-text alignwide is-stacked-on-mobile"><figure class="wp-block-media-text__media"><img loading="lazy" width="1024" height="685" src="https://guerisseurdelinvisible.ch/wp-content/uploads/2023/08/angel-669262_1280-1024x685.jpg" alt="" class="wp-image-2336 size-full" srcset="https://guerisseurdelinvisible.ch/wp-content/uploads/2023/08/angel-669262_1280-1024x685.jpg 1024w, https://guerisseurdelinvisible.ch/wp-content/uploads/2023/08/angel-669262_1280-300x201.jpg 300w, https://guerisseurdelinvisible.ch/wp-content/uploads/2023/08/angel-669262_1280-768x514.jpg 768w, https://guerisseurdelinvisible.ch/wp-content/uploads/2023/08/angel-669262_1280.jpg 1280w" sizes="(max-width: 706px) 89vw, (max-width: 767px) 82vw, 740px" /></figure><div class="wp-block-media-text__content">
<p>Stage d’une journée, <br>Durant cette journée vous apprenez à communiquer avec les âmes humaines désincarnée restées sur ce plan terrestre, les aider à leurs recouvrements et de passer un portail sécurisé.</p>
</div></div>



<p class="has-pale-cyan-blue-background-color has-background">Dates à venirs     <strong>Prérequis :  </strong>Rupture des contrats d’âmes et clair ressenti.</p>



<p>Des millions d&rsquo;âmes ne sont jamais arrivées à passer dans le monde de l’au-delà, cela pour diverses raisons.</p>



<p>Entre autre des décès inhabituels comme des meurtres, des accidents graves et subits ou le choix d&rsquo;interrompre cette vie.<br><br>J’œuvre&nbsp;pour les aider à cheminer dans la lumière, par une cérémonie que vous pratiquez. Celle-ci vous permet d’être en paix et de pouvoir faire le deuil.</p>



<p class="has-very-dark-gray-color has-pale-cyan-blue-background-color has-text-color has-background"> Pour vous inscrire au cours merci de compléter le <a href="https://guerisseurdelinvisible.ch./?page_id=428">formulaire d’inscription</a>.<br>ou pour plus d&rsquo;informations direct, me contacter au 079 481 80 00</p>



<p class="has-luminous-vivid-orange-color has-text-color"><strong>Mon CV de passeur d’âmes</strong><br><strong>De 2004 à 2006</strong> durant les séminaires en français au Arthur Findlay collège Angleterre (le premier collège du monde pour l’avancement du spiritisme et des sciences psychiques), entre autres cours de médiumnité, transe guérison, parlée et écrite, j’ai appris à communiquer avec les (morts) les âmes humaines désincarnées restées sur ce plan terrestre. Indépendamment de leurs messages, leurs demandes était de les aider à pouvoir continuer leur chemin, passer le voile, retrouver leurs groupes d’âmes.<br>Après avoir quelque peu galéré, pour trouver les bonnes méthodes, les bons chemins, ouvrir les bonnes portes. Créer des stages de passeur d’âmes était évident, pour éviter que les personnes aptes et (dites passeur d’âmes) galèrent &nbsp;et commettent des erreurs, qui parfois, pour lesdites âmes désincarnées, peuvent être catastrophiques.

</p>



<p class="has-light-green-cyan-background-color has-background"><strong>Retour à la page ;</strong><br><strong>Résiliation des contrats d&rsquo;âmes et entités  (esprits négatifs)   </strong><a href="https://guerisseurdelinvisible.ch/?page_id=198"><strong>ICI</strong></a><br><strong>Désimplantation des dispositifs de limitation spirituelle  </strong><a href="https://guerisseurdelinvisible.ch/?page_id=202"><strong>ICI</strong></a><br><strong>Passeur d&rsquo;âmes (les aider à cheminer vers la lumière)  </strong><a href="https://guerisseurdelinvisible.ch/?page_id=194"><strong>ICI</strong></a><strong><br>Reiki   (énergie de la force univercelle de vie)    </strong><a href="https://guerisseurdelinvisible.ch/?page_id=206"><strong>ICI</strong></a><strong><br>Chaman  (une personne qui agit en tant que guide spirituel)   </strong><a href="https://guerisseurdelinvisible.ch/?page_id=178"><strong>ICI</strong></a>        <br><br><strong>Massage manuel classique </strong> <a href="https://guerisseurdelinvisible.ch/?page_id=220"><strong>ICI</strong></a><br><strong>Massage aux pierres chaudes <a href="https://guerisseurdelinvisible.ch/?page_id=223">ICI</a></strong><br><br><strong>Prendre un R.D.V   au   079 481 80 00   ou    par E-mail   </strong><a href="https://guerisseurdelinvisible.ch/?page_id=38"><strong>ICI</strong></a></p>

<p>Prochaines dates Stage d’une journée, Durant cette journée vous apprenez à communiquer avec les âmes humaines désincarnée restées sur ce plan terrestre, les aider à leurs recouvrements et de passer un portail sécurisé. Dates à venirs Prérequis : Rupture des contrats d’âmes et clair ressenti. Des millions d&rsquo;âmes ne sont jamais arrivées à passer dans &hellip; </p>
<p class="link-more"><a href="https://guerisseurdelinvisible.ch/?page_id=282" class="more-link">Continuer la lecture<span class="screen-reader-text"> de &laquo;&nbsp;Passeur d&rsquo;âmes&nbsp;&raquo;</span></a></p>
