{"id":256,"date":"2019-05-16T15:02:04","date_gmt":"2019-05-16T15:02:04","guid":{"rendered":"http:\/\/guerisseurdelinvisible.ch.phoebe.preview-kreativmedia.ch\/?page_id=256"},"modified":"2025-11-06T09:45:47","modified_gmt":"2025-11-06T09:45:47","slug":"clair-ressenti","status":"publish","type":"page","link":"https:\/\/guerisseurdelinvisible.ch\/?page_id=256","title":{"rendered":"Atelier Clair Ressenti"},"content":{"rendered":"\n<div class=\"wp-block-media-text alignwide is-stacked-on-mobile\" style=\"grid-template-columns:36% auto\"><figure class=\"wp-block-media-text__media\"><img loading=\"lazy\" width=\"640\" height=\"427\" src=\"https:\/\/guerisseurdelinvisible.ch\/wp-content\/uploads\/2023\/08\/hand-3751159_640.jpg\" alt=\"\" class=\"wp-image-2288 size-full\" srcset=\"https:\/\/guerisseurdelinvisible.ch\/wp-content\/uploads\/2023\/08\/hand-3751159_640.jpg 640w, https:\/\/guerisseurdelinvisible.ch\/wp-content\/uploads\/2023\/08\/hand-3751159_640-300x200.jpg 300w\" sizes=\"(max-width: 640px) 100vw, 640px\" \/><\/figure><div class=\"wp-block-media-text__content\">\n<p class=\"has-medium-font-size\">Vous souhaitez r\u00e9veiller vos dons et capacit\u00e9s extra-sensorielles&nbsp;? <br>alors ce stage est fait pour vous&nbsp;!!!<\/p>\n<\/div><\/div>\n\n\n\n<p class=\"has-very-dark-gray-color has-luminous-vivid-orange-background-color has-text-color has-background\"><strong>Dates \u00e0 venirs                            Pr\u00e9requis :    R\u00e9siliations des contrats,<\/strong> <strong>pactes et v\u0153ux n\u00e9gatifs<\/strong><br>                                                           En trois s\u00e9ances priv\u00e9 ou deux jours en cours <\/p>\n\n\n\n<p class=\"has-medium-font-size\"><strong>Objectfs<\/strong><\/p>\n\n\n\n<p style=\"font-size:18px\">Le clair ressenti permet d&rsquo;avoir un discernement sur toutes les choses qui nous entourent et de valider les diff\u00e9rents choix que nous faisons dans notre vie quotidienne. <br>Cette capacit\u00e9 est \u00e0 la port\u00e9e de tous, elle est inn\u00e9e cependant nous n&rsquo;avons pas appris \u00e0 l&rsquo;utiliser. Nous allons donc apprendre \u00e0 tester ce qui est bon ou n\u00e9faste pour nous tant au niveau personnel, professionnel, alimentaire et environnemental. Vous serez alors capable de v\u00e9rifier la v\u00e9racit\u00e9 d&rsquo;un \u00e9crit, de mesurer la qualit\u00e9 vibratoire d&rsquo;un lieu, d&rsquo;objets et des pollutions qui nous affectent. Vous pourrez donc alors faire vos choix de mani\u00e8re \u00e9clair\u00e9e sans croire aveugl\u00e9ment ce que l&rsquo;on vous dit.  <\/p>\n\n\n\n<p class=\"has-medium-font-size\"><strong>Description<\/strong><\/p>\n\n\n\n<p style=\"font-size:18px\">Qu&rsquo;est-ce que l&rsquo;\u00e9nergie, le corps \u00e9th\u00e9rique et sa constitution, \u00e9changes et variations du corps selon les influences externes, comment utiliser votre corps \u00e9th\u00e9rique au quotidien, apprendre \u00e0 dynamiser de l&rsquo;eau, des aliments, comment purifier des cristaux et les orienter. Nous verrons aussi comment tout ceci entre en application en g\u00e9obiologie (pour le lieu), en bio\u00e9nergie (aide pour le corps), pour les objets, pour la recherche, etc &#8230;<br>Constitution plus approfondie du corps \u00e9nerg\u00e9tique, mesurer de mani\u00e8re pr\u00e9cise les choses qui vous entourent (pierres, bijoux, eau, \u00e9lixir, etc &#8230;), mesurer les diff\u00e9rents plans du corps (vertical, \u00e9quatorial, lat\u00e9ral), activation de la glande pin\u00e9ale et de la glande pituitaire, pratique de la merkabah, activation du canal t\u00e9l\u00e9pathie, Utilisations de divers biom\u00e8tres et syst\u00e8me de transmutation de la nourriture et (ressentir des \u00e9l\u00e9mentaux).<\/p>\n\n\n\n<p class=\"has-medium-font-size\"><strong>Pratiques<\/strong><br><strong>Vous aurez acquis le clair ressenti et serez capable de l&rsquo;utiliser dans votre vie quotidienne. <\/strong><\/p>\n\n\n\n<p class=\"has-medium-font-size\"><strong>Ce programme est susceptible d\u2019\u00eatre modifi\u00e9.<\/strong><\/p>\n\n\n\n<p class=\"has-cyan-bluish-gray-background-color has-background\">Pour vous inscrire au cours merci de compl\u00e9ter \ud83d\udd39\ud83d\udc49<a href=\"https:\/\/guerisseurdelinvisible.ch\/?page_id=428\">le formulaire d\u2019inscription<\/a> ou  pour plus d&rsquo;informations, me contacter au 079 481 80 00,  \u00e9galement disponible par WhatsApp<\/p>\n\n\n\n<p class=\"has-vivid-cyan-blue-color has-text-color\">\ud83d\udd39\ud83d\udc49<strong><a href=\"https:\/\/guerisseurdelinvisible.ch\/wp-admin\/post.php?post=1600&amp;action=edit\"><mark style=\"background-color:rgba(0, 0, 0, 0)\" class=\"has-inline-color has-vivid-red-color\">Mon Expertise <\/mark><\/a><mark style=\"background-color:rgba(0, 0, 0, 0)\" class=\"has-inline-color has-vivid-red-color\"><a href=\"https:\/\/guerisseurdelinvisible.ch\/wp-admin\/post.php?post=1600&amp;action=edit\">:<\/a> <\/mark>du Clair Ressenti<\/strong>.<\/p>\n\n\n\n<div class=\"wp-block-media-text alignwide is-stacked-on-mobile is-vertically-aligned-center is-image-fill\" style=\"grid-template-columns:31% auto\"><figure class=\"wp-block-media-text__media\" style=\"background-image:url(https:\/\/guerisseurdelinvisible.ch\/wp-content\/uploads\/2025\/07\/back-3.jpg);background-position:50% 50%\"><img loading=\"lazy\" width=\"969\" height=\"815\" src=\"https:\/\/guerisseurdelinvisible.ch\/wp-content\/uploads\/2025\/07\/back-3.jpg\" alt=\"\" class=\"wp-image-3310 size-full\" srcset=\"https:\/\/guerisseurdelinvisible.ch\/wp-content\/uploads\/2025\/07\/back-3.jpg 969w, https:\/\/guerisseurdelinvisible.ch\/wp-content\/uploads\/2025\/07\/back-3-300x252.jpg 300w, https:\/\/guerisseurdelinvisible.ch\/wp-content\/uploads\/2025\/07\/back-3-768x646.jpg 768w\" sizes=\"(max-width: 706px) 89vw, (max-width: 767px) 82vw, 740px\" \/><\/figure><div class=\"wp-block-media-text__content\">\n<p style=\"font-size:16px\"><mark style=\"background-color:rgba(0, 0, 0, 0)\" class=\"has-inline-color has-black-color\"><strong>Retour \u00e0 la page ;<\/strong>  <\/mark><mark style=\"background-color:rgba(0, 0, 0, 0)\" class=\"has-inline-color has-vivid-red-color\"><br>&#8211; <strong>Accueil  \ud83d\udd39\ud83d\udc49<\/strong><a href=\"https:\/\/guerisseurdelinvisible.ch\/?page_id=2023\"><strong>ICI<\/strong><\/a>   &#8212;   <strong>Contact \ud83d\udd39\ud83d\udc49<a href=\"https:\/\/guerisseurdelinvisible.ch\/?page_id=38\">ICI<\/a> <\/strong><\/mark><br>&#8211; <mark style=\"background-color:rgba(0, 0, 0, 0)\" class=\"has-inline-color has-luminous-vivid-orange-color\"><strong>Reiki   <\/strong><\/mark>(\u00e9nergie de la force universelle de vie) \ud83d\udd39\ud83d\udc49<a href=\"https:\/\/guerisseurdelinvisible.ch\/?page_id=206\"><strong>ICI<\/strong><\/a><br>&#8211; <mark style=\"background-color:rgba(0, 0, 0, 0)\" class=\"has-inline-color has-vivid-purple-color\"><strong>Passeur d&rsquo;\u00e2mes <\/strong><\/mark>(les aider \u00e0 cheminer lumi\u00e8re)\ud83d\udd39\ud83d\udc49<a href=\"https:\/\/guerisseurdelinvisible.ch\/?page_id=194\"><strong>ICI<\/strong><\/a><br> &#8211; <strong><mark style=\"background-color:rgba(0, 0, 0, 0)\" class=\"has-inline-color has-vivid-green-cyan-color\">Processus verbale<\/mark><\/strong> de Lib\u00e9ration des contrats,     pactes, et v\u0153ux, n\u00e9gatifs<strong> <\/strong>\ud83d\udd39\ud83d\udc49<a href=\"https:\/\/guerisseurdelinvisible.ch\/?page_id=198\"><strong>ICI<\/strong><\/a><br>  &#8211; <strong><mark style=\"background-color:rgba(0, 0, 0, 0)\" class=\"has-inline-color has-vivid-cyan-blue-color\">D\u00e9simplantation <\/mark><\/strong>des dispositifs de limitation spirituelle \ud83d\udd39\ud83d\udc49<a href=\"https:\/\/guerisseurdelinvisible.ch\/?page_id=202\"><strong>ICI<\/strong><\/a><br>&#8211; <strong><mark style=\"background-color:rgba(0, 0, 0, 0)\" class=\"has-inline-color has-vivid-purple-color\">TARIFS \ud83d\udd39\ud83d\udc49<\/mark><a href=\"https:\/\/guerisseurdelinvisible.ch\/?page_id=78\">ICI<\/a><\/strong><\/p>\n<\/div><\/div>\n\n\n\n<div class=\"wp-block-media-text alignwide has-media-on-the-right is-stacked-on-mobile\" style=\"grid-template-columns:auto 36%\"><figure class=\"wp-block-media-text__media\"><img loading=\"lazy\" width=\"813\" height=\"542\" src=\"https:\/\/guerisseurdelinvisible.ch\/wp-content\/uploads\/2025\/07\/medecin.jpg\" alt=\"\" class=\"wp-image-3303 size-full\" srcset=\"https:\/\/guerisseurdelinvisible.ch\/wp-content\/uploads\/2025\/07\/medecin.jpg 813w, https:\/\/guerisseurdelinvisible.ch\/wp-content\/uploads\/2025\/07\/medecin-300x200.jpg 300w, https:\/\/guerisseurdelinvisible.ch\/wp-content\/uploads\/2025\/07\/medecin-768x512.jpg 768w\" sizes=\"(max-width: 706px) 89vw, (max-width: 767px) 82vw, 740px\" \/><\/figure><div class=\"wp-block-media-text__content\">\n<p style=\"font-size:15px\"><strong>La r\u00e9ception d\u2019une s\u00e9ance \u00e9nerg\u00e8tiques ne se substitue pas aux conseils ou aux traitements dispens\u00e9s par des professionnels de la sant\u00e9.<\/strong><\/p>\n<\/div><\/div>\n","protected":false},"excerpt":{"rendered":"<p>Vous souhaitez r\u00e9veiller vos dons et capacit\u00e9s extra-sensorielles&nbsp;? alors ce stage est fait pour vous&nbsp;!!! Dates \u00e0 venirs Pr\u00e9requis : R\u00e9siliations des contrats, pactes et v\u0153ux n\u00e9gatifs En trois s\u00e9ances priv\u00e9 ou deux jours en cours Objectfs Le clair ressenti permet d&rsquo;avoir un discernement sur toutes les choses qui nous entourent et de valider les &hellip; <\/p>\n<p class=\"link-more\"><a href=\"https:\/\/guerisseurdelinvisible.ch\/?page_id=256\" class=\"more-link\">Continuer la lecture<span class=\"screen-reader-text\"> de &laquo;&nbsp;Atelier Clair Ressenti&nbsp;&raquo;<\/span><\/a><\/p>\n","protected":false},"author":1,"featured_media":501,"parent":0,"menu_order":0,"comment_status":"closed","ping_status":"closed","template":"","meta":[],"_links":{"self":[{"href":"https:\/\/guerisseurdelinvisible.ch\/index.php?rest_route=\/wp\/v2\/pages\/256"}],"collection":[{"href":"https:\/\/guerisseurdelinvisible.ch\/index.php?rest_route=\/wp\/v2\/pages"}],"about":[{"href":"https:\/\/guerisseurdelinvisible.ch\/index.php?rest_route=\/wp\/v2\/types\/page"}],"author":[{"embeddable":true,"href":"https:\/\/guerisseurdelinvisible.ch\/index.php?rest_route=\/wp\/v2\/users\/1"}],"replies":[{"embeddable":true,"href":"https:\/\/guerisseurdelinvisible.ch\/index.php?rest_route=%2Fwp%2Fv2%2Fcomments&post=256"}],"version-history":[{"count":64,"href":"https:\/\/guerisseurdelinvisible.ch\/index.php?rest_route=\/wp\/v2\/pages\/256\/revisions"}],"predecessor-version":[{"id":4363,"href":"https:\/\/guerisseurdelinvisible.ch\/index.php?rest_route=\/wp\/v2\/pages\/256\/revisions\/4363"}],"wp:featuredmedia":[{"embeddable":true,"href":"https:\/\/guerisseurdelinvisible.ch\/index.php?rest_route=\/wp\/v2\/media\/501"}],"wp:attachment":[{"href":"https:\/\/guerisseurdelinvisible.ch\/index.php?rest_route=%2Fwp%2Fv2%2Fmedia&parent=256"}],"curies":[{"name":"wp","href":"https:\/\/api.w.org\/{rel}","templated":true}]}}

<div class="wp-block-media-text alignwide is-stacked-on-mobile" style="grid-template-columns:36% auto"><figure class="wp-block-media-text__media"><img loading="lazy" width="640" height="427" src="https://guerisseurdelinvisible.ch/wp-content/uploads/2023/08/hand-3751159_640.jpg" alt="" class="wp-image-2288 size-full" srcset="https://guerisseurdelinvisible.ch/wp-content/uploads/2023/08/hand-3751159_640.jpg 640w, https://guerisseurdelinvisible.ch/wp-content/uploads/2023/08/hand-3751159_640-300x200.jpg 300w" sizes="(max-width: 640px) 100vw, 640px" /></figure><div class="wp-block-media-text__content">
<p class="has-medium-font-size">Vous souhaitez réveiller vos dons et capacités extra-sensorielles&nbsp;? <br>alors ce stage est fait pour vous&nbsp;!!!</p>
</div></div>



<p class="has-very-dark-gray-color has-luminous-vivid-orange-background-color has-text-color has-background"><strong>Dates à venirs                            Prérequis :    Résiliations des contrats,</strong> <strong>pactes et vœux négatifs</strong><br>                                                           En trois séances privé ou deux jours en cours </p>



<p class="has-medium-font-size"><strong>Objectfs</strong></p>



<p style="font-size:18px">Le clair ressenti permet d&rsquo;avoir un discernement sur toutes les choses qui nous entourent et de valider les différents choix que nous faisons dans notre vie quotidienne. <br>Cette capacité est à la portée de tous, elle est innée cependant nous n&rsquo;avons pas appris à l&rsquo;utiliser. Nous allons donc apprendre à tester ce qui est bon ou néfaste pour nous tant au niveau personnel, professionnel, alimentaire et environnemental. Vous serez alors capable de vérifier la véracité d&rsquo;un écrit, de mesurer la qualité vibratoire d&rsquo;un lieu, d&rsquo;objets et des pollutions qui nous affectent. Vous pourrez donc alors faire vos choix de manière éclairée sans croire aveuglément ce que l&rsquo;on vous dit.  </p>



<p class="has-medium-font-size"><strong>Description</strong></p>



<p style="font-size:18px">Qu&rsquo;est-ce que l&rsquo;énergie, le corps éthérique et sa constitution, échanges et variations du corps selon les influences externes, comment utiliser votre corps éthérique au quotidien, apprendre à dynamiser de l&rsquo;eau, des aliments, comment purifier des cristaux et les orienter. Nous verrons aussi comment tout ceci entre en application en géobiologie (pour le lieu), en bioénergie (aide pour le corps), pour les objets, pour la recherche, etc &#8230;<br>Constitution plus approfondie du corps énergétique, mesurer de manière précise les choses qui vous entourent (pierres, bijoux, eau, élixir, etc &#8230;), mesurer les différents plans du corps (vertical, équatorial, latéral), activation de la glande pinéale et de la glande pituitaire, pratique de la merkabah, activation du canal télépathie, Utilisations de divers biomètres et système de transmutation de la nourriture et (ressentir des élémentaux).</p>



<p class="has-medium-font-size"><strong>Pratiques</strong><br><strong>Vous aurez acquis le clair ressenti et serez capable de l&rsquo;utiliser dans votre vie quotidienne. </strong></p>



<p class="has-medium-font-size"><strong>Ce programme est susceptible d’être modifié.</strong></p>



<p class="has-cyan-bluish-gray-background-color has-background">Pour vous inscrire au cours merci de compléter 🔹👉<a href="https://guerisseurdelinvisible.ch/?page_id=428">le formulaire d’inscription</a> ou  pour plus d&rsquo;informations, me contacter au 079 481 80 00,  également disponible par WhatsApp</p>



<p class="has-vivid-cyan-blue-color has-text-color">🔹👉<strong><a href="https://guerisseurdelinvisible.ch/wp-admin/post.php?post=1600&amp;action=edit"><mark style="background-color:rgba(0, 0, 0, 0)" class="has-inline-color has-vivid-red-color">Mon Expertise </mark></a><mark style="background-color:rgba(0, 0, 0, 0)" class="has-inline-color has-vivid-red-color"><a href="https://guerisseurdelinvisible.ch/wp-admin/post.php?post=1600&amp;action=edit">:</a> </mark>du Clair Ressenti</strong>.</p>



<div class="wp-block-media-text alignwide is-stacked-on-mobile is-vertically-aligned-center is-image-fill" style="grid-template-columns:31% auto"><figure class="wp-block-media-text__media" style="background-image:url(https://guerisseurdelinvisible.ch/wp-content/uploads/2025/07/back-3.jpg);background-position:50% 50%"><img loading="lazy" width="969" height="815" src="https://guerisseurdelinvisible.ch/wp-content/uploads/2025/07/back-3.jpg" alt="" class="wp-image-3310 size-full" srcset="https://guerisseurdelinvisible.ch/wp-content/uploads/2025/07/back-3.jpg 969w, https://guerisseurdelinvisible.ch/wp-content/uploads/2025/07/back-3-300x252.jpg 300w, https://guerisseurdelinvisible.ch/wp-content/uploads/2025/07/back-3-768x646.jpg 768w" sizes="(max-width: 706px) 89vw, (max-width: 767px) 82vw, 740px" /></figure><div class="wp-block-media-text__content">
<p style="font-size:16px"><mark style="background-color:rgba(0, 0, 0, 0)" class="has-inline-color has-black-color"><strong>Retour à la page ;</strong>  </mark><mark style="background-color:rgba(0, 0, 0, 0)" class="has-inline-color has-vivid-red-color"><br>&#8211; <strong>Accueil  🔹👉</strong><a href="https://guerisseurdelinvisible.ch/?page_id=2023"><strong>ICI</strong></a>   &#8212;   <strong>Contact 🔹👉<a href="https://guerisseurdelinvisible.ch/?page_id=38">ICI</a> </strong></mark><br>&#8211; <mark style="background-color:rgba(0, 0, 0, 0)" class="has-inline-color has-luminous-vivid-orange-color"><strong>Reiki   </strong></mark>(énergie de la force universelle de vie) 🔹👉<a href="https://guerisseurdelinvisible.ch/?page_id=206"><strong>ICI</strong></a><br>&#8211; <mark style="background-color:rgba(0, 0, 0, 0)" class="has-inline-color has-vivid-purple-color"><strong>Passeur d&rsquo;âmes </strong></mark>(les aider à cheminer lumière)🔹👉<a href="https://guerisseurdelinvisible.ch/?page_id=194"><strong>ICI</strong></a><br> &#8211; <strong><mark style="background-color:rgba(0, 0, 0, 0)" class="has-inline-color has-vivid-green-cyan-color">Processus verbale</mark></strong> de Libération des contrats,     pactes, et vœux, négatifs<strong> </strong>🔹👉<a href="https://guerisseurdelinvisible.ch/?page_id=198"><strong>ICI</strong></a><br>  &#8211; <strong><mark style="background-color:rgba(0, 0, 0, 0)" class="has-inline-color has-vivid-cyan-blue-color">Désimplantation </mark></strong>des dispositifs de limitation spirituelle 🔹👉<a href="https://guerisseurdelinvisible.ch/?page_id=202"><strong>ICI</strong></a><br>&#8211; <strong><mark style="background-color:rgba(0, 0, 0, 0)" class="has-inline-color has-vivid-purple-color">TARIFS 🔹👉</mark><a href="https://guerisseurdelinvisible.ch/?page_id=78">ICI</a></strong></p>
</div></div>



<div class="wp-block-media-text alignwide has-media-on-the-right is-stacked-on-mobile" style="grid-template-columns:auto 36%"><figure class="wp-block-media-text__media"><img loading="lazy" width="813" height="542" src="https://guerisseurdelinvisible.ch/wp-content/uploads/2025/07/medecin.jpg" alt="" class="wp-image-3303 size-full" srcset="https://guerisseurdelinvisible.ch/wp-content/uploads/2025/07/medecin.jpg 813w, https://guerisseurdelinvisible.ch/wp-content/uploads/2025/07/medecin-300x200.jpg 300w, https://guerisseurdelinvisible.ch/wp-content/uploads/2025/07/medecin-768x512.jpg 768w" sizes="(max-width: 706px) 89vw, (max-width: 767px) 82vw, 740px" /></figure><div class="wp-block-media-text__content">
<p style="font-size:15px"><strong>La réception d’une séance énergètiques ne se substitue pas aux conseils ou aux traitements dispensés par des professionnels de la santé.</strong></p>
</div></div>

<p>Vous souhaitez réveiller vos dons et capacités extra-sensorielles&nbsp;? alors ce stage est fait pour vous&nbsp;!!! Dates à venirs Prérequis : Résiliations des contrats, pactes et vœux négatifs En trois séances privé ou deux jours en cours Objectfs Le clair ressenti permet d&rsquo;avoir un discernement sur toutes les choses qui nous entourent et de valider les &hellip; </p>
<p class="link-more"><a href="https://guerisseurdelinvisible.ch/?page_id=256" class="more-link">Continuer la lecture<span class="screen-reader-text"> de &laquo;&nbsp;Atelier Clair Ressenti&nbsp;&raquo;</span></a></p>
