{"id":244,"date":"2019-05-16T14:33:28","date_gmt":"2019-05-16T14:33:28","guid":{"rendered":"http:\/\/guerisseurdelinvisible.ch.phoebe.preview-kreativmedia.ch\/?page_id=244"},"modified":"2025-10-22T15:25:44","modified_gmt":"2025-10-22T15:25:44","slug":"initiations-chamanique","status":"publish","type":"page","link":"https:\/\/guerisseurdelinvisible.ch\/?page_id=244","title":{"rendered":"Stage d&rsquo;initiations aux pratiques chamaniques"},"content":{"rendered":"\n<p class=\"has-text-align-center has-very-light-gray-background-color has-background\" style=\"font-size:23px\"><strong>S\u00e9minaire de 4 jours &amp; 3 nuits <mark style=\"background-color:rgba(0, 0, 0, 0)\" class=\"has-inline-color has-vivid-red-color\">dates en devenir <\/mark><\/strong><\/p>\n\n\n\n<h1>D\u00e9roulement du stage :<\/h1>\n\n\n\n<p><strong>Les C\u00e9r\u00e9monies&nbsp;:<\/strong><br>Cercle avec la Chanunpa,  pipe sacr\u00e9e et c\u00e9r\u00e9monielle.<br>Rituel du feu, pr\u00e9parer et allumer le feu, selon la tradition du P\u00e9rou, (pour y d\u00e9poser ses \u00e9motions).<br>Du Feu et offrandes aux anc\u00eatres et former le cercle de paix et de gu\u00e9rison.<\/p>\n\n\n\n<p><strong>Les Ateliers&nbsp;:<\/strong> <br>Avec le tambour, (apprendre les divers rythmes de frappes et leur utilit\u00e9).<br>Les boucliers, (force, c\u0153ur et esprit). <br>Connexion avec les \u00e9nergies des six directions, (aide et protection).<br>Purification des objets sur le feu.<br>Plantes et senteurs.  <em>(Aucune substance hallucinog\u00e8ne n&rsquo;est utilis\u00e9e).<\/em><\/p>\n\n\n\n<p><strong>Les aides pour le bien \u00eatre du corps&nbsp;:<\/strong><br>Avec les tambours.<br>En bin\u00f4me, connexion avec les pierres et min\u00e9raux, (l\u2019inerte).<br>En bin\u00f4me, connexion avec l\u2019esprit des oiseaux, (le vivant).<\/p>\n\n\n\n<p><strong>Les M\u00e9ditations&nbsp;guid\u00e9es :<\/strong><br>Faire connaissance des trois mondes.<br>Dans le monde d\u2019en bas,  en bin\u00f4me, aller \u00e0 la recherche des animaux de force.<br>Voyage avec son animal de force.<\/p>\n\n\n\n<p><strong>Divers&nbsp;:<\/strong><br>Harmonisation avec la nature.<br>Bison &#8211; B\u00e2ton de pouvoir &#8211; etc.<br>Partage et discussion autour du feu.<\/p>\n\n\n\n<p>Lors de ces rituels, vous vivrez diverses exp\u00e9riences (purification des anciennes \u00e9nergies, cercle de musique, voyages chamaniques, exercice avec les \u00e9l\u00e9ments, pour la mat\u00e9rialisation des v\u0153ux ou l\u00e2cher les blocages, dans le but de vous connecter et d&rsquo;honorer toutes les \u00e9nergies qui vous aideront dans ce nouveau cycle de croissance. <\/p>\n\n\n\n<h2> <strong>Ce programme est susceptible d&rsquo;\u00eatre modifi\u00e9.<\/strong><\/h2>\n\n\n\n<p style=\"font-size:16px\"><strong>L&rsquo;h\u00e9bergement :<\/strong><br>au c\u0153ur de la for\u00eat du Jorat, <br>Refuge des Charbonni\u00e8res, 1058 Villars-Tiercelin.<\/p>\n\n\n\n<p style=\"font-size:16px\"><strong>Repas :<\/strong><br>Les 3 petits d\u00e9jeuners, compris dans l&rsquo;h\u00e9bergement.<br>Les 4 d\u00e9jeuners, les 3 d\u00eeners, tir\u00e9s du sac et partag\u00e9s.<br>Pour ceux qui habitent \u00e0 proximit\u00e9 du lieu du stage, il est important de vivre l&rsquo;exp\u00e9rience en dehors de son lieu de vie et de son quotidien, le suivi complet des 4 jours est n\u00e9cessaire pour tous. dans le but de rester connecter, dans l&rsquo;\u00e9nergie du travail sur soi.<br>Groupe de 10 participants maximum.<\/p>\n\n\n\n<div class=\"wp-block-media-text alignwide is-stacked-on-mobile\" style=\"grid-template-columns:69% auto\"><figure class=\"wp-block-media-text__media\"><img loading=\"lazy\" width=\"230\" height=\"180\" src=\"https:\/\/guerisseurdelinvisible.ch\/wp-content\/uploads\/2022\/09\/refuge-charbonieres.jpg\" alt=\"\" class=\"wp-image-1835 size-full\"\/><\/figure><div class=\"wp-block-media-text__content\">\n<p style=\"font-size:25px\"><strong>LIEUX<\/strong><br>Refuge des Charbonni\u00e8res<\/p>\n\n\n\n<p>1058 Villas-Tiercelin<\/p>\n<\/div><\/div>\n\n\n\n<p><strong>Stage + petits d\u00e9jeuners<\/strong> <strong>+ h\u00e9bergement, les 4 jours &amp; 3 nuits, par personne CHF 550.&#8211; <\/strong> <br>( payement \u00e0 l&rsquo;inscription,  par personne CHF. 530.&#8211; )<br>(anciens stagiaires chamaniques r\u00e9duction de <strong>10%<\/strong>) <br>Le suivi complet des 4 jours est n\u00e9cessaire pour tous, afin de garantir, votre transformation personnelle avec les cocr\u00e9ations et co\u00e9volutions de l&rsquo;ensemble du groupe.<br>Possibilit\u00e9 de payer en plusieurs fois  (voir les conditions avec moi). <\/p>\n\n\n\n<p class=\"has-text-align-center has-light-green-cyan-background-color has-background\"><strong>Refuge des Charbonni\u00e8res Villars-Tiercelin, ce lieux est adapter, pour toutes les c\u00e9r\u00e9monies  et couchages, avec un minimum de conforts.<\/strong><\/p>\n\n\n\n<p>C&rsquo;est un stage intense et personnel, accessible \u00e0 tous ceux qui ont un r\u00e9el d\u00e9sir de se transformer, de se lib\u00e9rer de leurs blessures, de tourner une page dans leur vie, d&rsquo;acc\u00e9der \u00e0 leur prochaine vibration et s&rsquo;\u00e9panouir sur leur Chemin de Vie. <\/p>\n\n\n\n<div class=\"wp-block-media-text alignwide is-stacked-on-mobile\" style=\"grid-template-columns:15% auto\"><figure class=\"wp-block-media-text__media\"><img loading=\"lazy\" width=\"1024\" height=\"683\" src=\"https:\/\/guerisseurdelinvisible.ch\/wp-content\/uploads\/2024\/09\/pexels-anntarazevich-5598290-2-1024x683.jpg\" alt=\"\" class=\"wp-image-3000 size-full\" srcset=\"https:\/\/guerisseurdelinvisible.ch\/wp-content\/uploads\/2024\/09\/pexels-anntarazevich-5598290-2-1024x683.jpg 1024w, https:\/\/guerisseurdelinvisible.ch\/wp-content\/uploads\/2024\/09\/pexels-anntarazevich-5598290-2-300x200.jpg 300w, https:\/\/guerisseurdelinvisible.ch\/wp-content\/uploads\/2024\/09\/pexels-anntarazevich-5598290-2-768x512.jpg 768w, https:\/\/guerisseurdelinvisible.ch\/wp-content\/uploads\/2024\/09\/pexels-anntarazevich-5598290-2-1536x1024.jpg 1536w, https:\/\/guerisseurdelinvisible.ch\/wp-content\/uploads\/2024\/09\/pexels-anntarazevich-5598290-2-2048x1365.jpg 2048w\" sizes=\"(max-width: 706px) 89vw, (max-width: 767px) 82vw, 740px\" \/><\/figure><div class=\"wp-block-media-text__content\">\n<p><strong>Mon CV de praticien chaman<\/strong><\/p>\n<\/div><\/div>\n\n\n\n<p class=\"has-text-align-left has-vivid-cyan-blue-color has-text-color\"><strong>Comment mon \u00e9t\u00e9 r\u00e9v\u00e9l\u00e9 mes aptitudes chamaniques.<\/strong><br>Je ne viens pas du Mexique, ni du P\u00e9rou, je ne suis pas Am\u00e9rindiens, ni Celte et autres. Je suis n\u00e9 en Suisse de p\u00e8re et m\u00e8re Suisse, gu\u00e9risseurs dans leur vie ant\u00e9rieure.<br>Cependant venu dans ce corps avec des capacit\u00e9s de clairs visons, ressentis, et autres, comme quelques enfants qui ont des dons de musiciens, peintres, \u00e9crivains, etc.<br>Au fur et \u00e0 mesure de mes diverses rencontres, hommes m\u00e9decines, gu\u00e9risseurs, etc. j\u2019ai recouvr\u00e9 les aptitudes et connaissances de mes vies ant\u00e9rieures.<br>Depuis tr\u00e8s tr\u00e8s longtemps, j\u2019ai pour habitude d\u2019attendre et avoir trois confirmations \u00e0 mes faits et demandes.<br>Ci-dessous les trois actes qui m&rsquo;ont confirm\u00e9 que je suis un homme m\u00e9decine.<br><strong>En 2003<\/strong>, ma premi\u00e8re participation \u00e0 une nuit de la gu\u00e9rison chamanique au Mont-sur-Lausanne, \u00e0 peine entr\u00e9, je croise Patrick, le ma\u00eetre de c\u00e9r\u00e9monies, homme m\u00e9decine Celte, il me regarde me tend la main et me dit, salut coll\u00e8gue, \u00e0 me mon air ahuri, il me retroque, ne me regarde pas comme \u00e7a\u2026 tu le sais\u2026. durant cette premi\u00e8re nuit d\u2019exp\u00e9rience, deux autres \u00e9v\u00e9nements mon confirm\u00e9 cette possibilit\u00e9.<br><strong>En 2006<\/strong>, lors d&rsquo;un cours au coll\u00e8ge Arthur Findlay <em>(le premier coll\u00e8ge du monde pour l\u2019avancement du spiritisme et des sciences psychiques)<\/em> \u00e0 mon arriv\u00e9e en classe chamanique de Maureen, elle m\u2019a regard\u00e9 de la t\u00eate aux pieds et me dit, tu fais quoi ici&nbsp;? tu n\u2019as rien \u00e0 apprendre tu sais\u2026 heu\u2026 &nbsp;j\u2019ai besoin de confirmations.<br><strong>En 2008<\/strong>, lors d\u2019un grand festival Chamanique, l\u2019opportunit\u00e9 ma \u00e9t\u00e9 donn\u00e9e de faire l\u2019acquisition d\u2019une petite pipe sculpt\u00e9e dans un bois rare, qui allait devenir ma pipe sacr\u00e9e. L\u2019id\u00e9e met venue de demander \u00e0 quelques-uns des chamans pr\u00e9sents de me la purifier et la consacrer.  Un chaman, Africain, avec lequel j\u2019ai particip\u00e9 \u00e0 quelques c\u00e9r\u00e9monies, je lui ai fait ma demande, comme les pr\u00e9c\u00e9dents, il me regarde et me dit pourquoi&nbsp; cette &nbsp;demande?. Tu as toutes les aptitudes pour le faire. Wow voici la troisi\u00e8me confirmation de ce que je suis, un homme m\u00e9decine, un chaman.<br><strong>Avec dans le d\u00e9sordre<\/strong><br>En France,  j\u2019ai suivi les c\u00e9r\u00e9monies de Ros\u00e9 Louis, chaman p\u00e9ruvien.<br>En France avec Olivier, facteur d\u2019instruments et chaman, j\u2019ai mont\u00e9 mes tambours et appris les diff\u00e9rentes frappes. En Suisse une magnifique journ\u00e9e tambour avec Butch homme m\u00e9decine Am\u00e9rindien.<br>Et entre autres, les rencontres et partages avec Christian et sa compagne Johanne, Jean \u2013 Marie, Manu, etc\u2026 mon grandement permis de recouvrer les capacit\u00e9s de mes vies ant\u00e9rieures.<br>Encore en France, j\u2019ai particip\u00e9 \u00e0 un grand nombre de (festival) chamanique, qui m\u2019ont permis de c\u00f4toyer une grande diversit\u00e9 de chamanes et ainsi de voir, participer et apprendre, diverses c\u00e9r\u00e9monies sacr\u00e9es, que je pratique et retransmets.<br>Voici voil\u00e0 une partie du pourquoi je me pr\u00e9sente comme chaman et vous propose des initiations chamaniques.  <\/p>\n\n\n\n<p class=\"has-vivid-green-cyan-background-color has-background\">Pour vous inscrire au stage merci de compl\u00e9ter <a href=\"https:\/\/guerisseurdelinvisible.ch\/?page_id=38\"> le formulaire d\u2019inscription<\/a>\u00a0<\/p>\n\n\n\n<p class=\"has-light-green-cyan-background-color has-background\"><strong>Retour \u00e0 la page ;<\/strong>      <strong>Acceuil  <\/strong><a href=\"https:\/\/guerisseurdelinvisible.ch\/?page_id=2023\"><strong>ICI<\/strong><\/a>   &#8212;   <strong>Contact <a href=\"https:\/\/guerisseurdelinvisible.ch\/?page_id=38\">ICI<\/a>   <\/strong><br>&#8211; <strong>Magn\u00e9tisme \u00e0 distance &amp; Th\u00e9rapie sur Skype ou WhatsApp<\/strong>  <strong><a href=\"https:\/\/guerisseurdelinvisible.ch\/?page_id=2848\"><strong>ICI<\/strong><\/a><\/strong><br>   &#8211; <strong>Protocole verbale de <strong>R\u00e9siliation des contrats, des pactes, des v\u0153ux, n\u00e9gatifs<\/strong>   <\/strong><a href=\"https:\/\/guerisseurdelinvisible.ch\/?page_id=198\"><strong>ICI<\/strong><\/a><br>    &#8211; <strong>D\u00e9simplantation des dispositifs de limitation spirituelle  <\/strong><a href=\"https:\/\/guerisseurdelinvisible.ch\/?page_id=202\"><strong>ICI<\/strong><\/a><br>      &#8211; <strong>Passeur d&rsquo;\u00e2mes (les aider \u00e0 cheminer vers la lumi\u00e8re)  <\/strong><a href=\"https:\/\/guerisseurdelinvisible.ch\/?page_id=194\"><strong>ICI<\/strong><\/a><strong><br>        &#8211; Reiki   (\u00e9nergie de la force universelle de vie)    <\/strong><a href=\"https:\/\/guerisseurdelinvisible.ch\/?page_id=206\"><strong>ICI<\/strong><\/a><strong><br>         &#8211; Chaman  (une personne qui agit en tant que guide spirituel)   <\/strong><a href=\"https:\/\/guerisseurdelinvisible.ch\/?page_id=178\"><strong>ICI<\/strong><\/a>   <br><br>&#8211; <strong>Massage manuel classique <\/strong> <a href=\"https:\/\/guerisseurdelinvisible.ch\/?page_id=220\"><strong>ICI<\/strong><\/a><br> &#8211; <strong>Massage aux pierres chaudes <a href=\"https:\/\/guerisseurdelinvisible.ch\/?page_id=223\">ICI<\/a><\/strong><br><br><strong>Prendre un R.D.V   au   079 481 80 00   ou    par E-mail   <\/strong><a href=\"https:\/\/guerisseurdelinvisible.ch\/?page_id=38\"><strong>ICI<\/strong><\/a><\/p>\n","protected":false},"excerpt":{"rendered":"<p>S\u00e9minaire de 4 jours &amp; 3 nuits dates en devenir D\u00e9roulement du stage : Les C\u00e9r\u00e9monies&nbsp;:Cercle avec la Chanunpa, pipe sacr\u00e9e et c\u00e9r\u00e9monielle.Rituel du feu, pr\u00e9parer et allumer le feu, selon la tradition du P\u00e9rou, (pour y d\u00e9poser ses \u00e9motions).Du Feu et offrandes aux anc\u00eatres et former le cercle de paix et de gu\u00e9rison. Les &hellip; <\/p>\n<p class=\"link-more\"><a href=\"https:\/\/guerisseurdelinvisible.ch\/?page_id=244\" class=\"more-link\">Continuer la lecture<span class=\"screen-reader-text\"> de &laquo;&nbsp;Stage d&rsquo;initiations aux pratiques chamaniques&nbsp;&raquo;<\/span><\/a><\/p>\n","protected":false},"author":1,"featured_media":500,"parent":0,"menu_order":0,"comment_status":"closed","ping_status":"closed","template":"","meta":[],"_links":{"self":[{"href":"https:\/\/guerisseurdelinvisible.ch\/index.php?rest_route=\/wp\/v2\/pages\/244"}],"collection":[{"href":"https:\/\/guerisseurdelinvisible.ch\/index.php?rest_route=\/wp\/v2\/pages"}],"about":[{"href":"https:\/\/guerisseurdelinvisible.ch\/index.php?rest_route=\/wp\/v2\/types\/page"}],"author":[{"embeddable":true,"href":"https:\/\/guerisseurdelinvisible.ch\/index.php?rest_route=\/wp\/v2\/users\/1"}],"replies":[{"embeddable":true,"href":"https:\/\/guerisseurdelinvisible.ch\/index.php?rest_route=%2Fwp%2Fv2%2Fcomments&post=244"}],"version-history":[{"count":129,"href":"https:\/\/guerisseurdelinvisible.ch\/index.php?rest_route=\/wp\/v2\/pages\/244\/revisions"}],"predecessor-version":[{"id":4252,"href":"https:\/\/guerisseurdelinvisible.ch\/index.php?rest_route=\/wp\/v2\/pages\/244\/revisions\/4252"}],"wp:featuredmedia":[{"embeddable":true,"href":"https:\/\/guerisseurdelinvisible.ch\/index.php?rest_route=\/wp\/v2\/media\/500"}],"wp:attachment":[{"href":"https:\/\/guerisseurdelinvisible.ch\/index.php?rest_route=%2Fwp%2Fv2%2Fmedia&parent=244"}],"curies":[{"name":"wp","href":"https:\/\/api.w.org\/{rel}","templated":true}]}}

<p class="has-text-align-center has-very-light-gray-background-color has-background" style="font-size:23px"><strong>Séminaire de 4 jours &amp; 3 nuits <mark style="background-color:rgba(0, 0, 0, 0)" class="has-inline-color has-vivid-red-color">dates en devenir </mark></strong></p>



<h1>Déroulement du stage :</h1>



<p><strong>Les Cérémonies&nbsp;:</strong><br>Cercle avec la Chanunpa,  pipe sacrée et cérémonielle.<br>Rituel du feu, préparer et allumer le feu, selon la tradition du Pérou, (pour y déposer ses émotions).<br>Du Feu et offrandes aux ancêtres et former le cercle de paix et de guérison.</p>



<p><strong>Les Ateliers&nbsp;:</strong> <br>Avec le tambour, (apprendre les divers rythmes de frappes et leur utilité).<br>Les boucliers, (force, cœur et esprit). <br>Connexion avec les énergies des six directions, (aide et protection).<br>Purification des objets sur le feu.<br>Plantes et senteurs.  <em>(Aucune substance hallucinogène n&rsquo;est utilisée).</em></p>



<p><strong>Les aides pour le bien être du corps&nbsp;:</strong><br>Avec les tambours.<br>En binôme, connexion avec les pierres et minéraux, (l’inerte).<br>En binôme, connexion avec l’esprit des oiseaux, (le vivant).</p>



<p><strong>Les Méditations&nbsp;guidées :</strong><br>Faire connaissance des trois mondes.<br>Dans le monde d’en bas,  en binôme, aller à la recherche des animaux de force.<br>Voyage avec son animal de force.</p>



<p><strong>Divers&nbsp;:</strong><br>Harmonisation avec la nature.<br>Bison &#8211; Bâton de pouvoir &#8211; etc.<br>Partage et discussion autour du feu.</p>



<p>Lors de ces rituels, vous vivrez diverses expériences (purification des anciennes énergies, cercle de musique, voyages chamaniques, exercice avec les éléments, pour la matérialisation des vœux ou lâcher les blocages, dans le but de vous connecter et d&rsquo;honorer toutes les énergies qui vous aideront dans ce nouveau cycle de croissance. </p>



<h2> <strong>Ce programme est susceptible d&rsquo;être modifié.</strong></h2>



<p style="font-size:16px"><strong>L&rsquo;hébergement :</strong><br>au cœur de la forêt du Jorat, <br>Refuge des Charbonnières, 1058 Villars-Tiercelin.</p>



<p style="font-size:16px"><strong>Repas :</strong><br>Les 3 petits déjeuners, compris dans l&rsquo;hébergement.<br>Les 4 déjeuners, les 3 dîners, tirés du sac et partagés.<br>Pour ceux qui habitent à proximité du lieu du stage, il est important de vivre l&rsquo;expérience en dehors de son lieu de vie et de son quotidien, le suivi complet des 4 jours est nécessaire pour tous. dans le but de rester connecter, dans l&rsquo;énergie du travail sur soi.<br>Groupe de 10 participants maximum.</p>



<div class="wp-block-media-text alignwide is-stacked-on-mobile" style="grid-template-columns:69% auto"><figure class="wp-block-media-text__media"><img loading="lazy" width="230" height="180" src="https://guerisseurdelinvisible.ch/wp-content/uploads/2022/09/refuge-charbonieres.jpg" alt="" class="wp-image-1835 size-full"/></figure><div class="wp-block-media-text__content">
<p style="font-size:25px"><strong>LIEUX</strong><br>Refuge des Charbonnières</p>



<p>1058 Villas-Tiercelin</p>
</div></div>



<p><strong>Stage + petits déjeuners</strong> <strong>+ hébergement, les 4 jours &amp; 3 nuits, par personne CHF 550.&#8211; </strong> <br>( payement à l&rsquo;inscription,  par personne CHF. 530.&#8211; )<br>(anciens stagiaires chamaniques réduction de <strong>10%</strong>) <br>Le suivi complet des 4 jours est nécessaire pour tous, afin de garantir, votre transformation personnelle avec les cocréations et coévolutions de l&rsquo;ensemble du groupe.<br>Possibilité de payer en plusieurs fois  (voir les conditions avec moi). </p>



<p class="has-text-align-center has-light-green-cyan-background-color has-background"><strong>Refuge des Charbonnières Villars-Tiercelin, ce lieux est adapter, pour toutes les cérémonies  et couchages, avec un minimum de conforts.</strong></p>



<p>C&rsquo;est un stage intense et personnel, accessible à tous ceux qui ont un réel désir de se transformer, de se libérer de leurs blessures, de tourner une page dans leur vie, d&rsquo;accéder à leur prochaine vibration et s&rsquo;épanouir sur leur Chemin de Vie. </p>



<div class="wp-block-media-text alignwide is-stacked-on-mobile" style="grid-template-columns:15% auto"><figure class="wp-block-media-text__media"><img loading="lazy" width="1024" height="683" src="https://guerisseurdelinvisible.ch/wp-content/uploads/2024/09/pexels-anntarazevich-5598290-2-1024x683.jpg" alt="" class="wp-image-3000 size-full" srcset="https://guerisseurdelinvisible.ch/wp-content/uploads/2024/09/pexels-anntarazevich-5598290-2-1024x683.jpg 1024w, https://guerisseurdelinvisible.ch/wp-content/uploads/2024/09/pexels-anntarazevich-5598290-2-300x200.jpg 300w, https://guerisseurdelinvisible.ch/wp-content/uploads/2024/09/pexels-anntarazevich-5598290-2-768x512.jpg 768w, https://guerisseurdelinvisible.ch/wp-content/uploads/2024/09/pexels-anntarazevich-5598290-2-1536x1024.jpg 1536w, https://guerisseurdelinvisible.ch/wp-content/uploads/2024/09/pexels-anntarazevich-5598290-2-2048x1365.jpg 2048w" sizes="(max-width: 706px) 89vw, (max-width: 767px) 82vw, 740px" /></figure><div class="wp-block-media-text__content">
<p><strong>Mon CV de praticien chaman</strong></p>
</div></div>



<p class="has-text-align-left has-vivid-cyan-blue-color has-text-color"><strong>Comment mon été révélé mes aptitudes chamaniques.</strong><br>Je ne viens pas du Mexique, ni du Pérou, je ne suis pas Amérindiens, ni Celte et autres. Je suis né en Suisse de père et mère Suisse, guérisseurs dans leur vie antérieure.<br>Cependant venu dans ce corps avec des capacités de clairs visons, ressentis, et autres, comme quelques enfants qui ont des dons de musiciens, peintres, écrivains, etc.<br>Au fur et à mesure de mes diverses rencontres, hommes médecines, guérisseurs, etc. j’ai recouvré les aptitudes et connaissances de mes vies antérieures.<br>Depuis très très longtemps, j’ai pour habitude d’attendre et avoir trois confirmations à mes faits et demandes.<br>Ci-dessous les trois actes qui m&rsquo;ont confirmé que je suis un homme médecine.<br><strong>En 2003</strong>, ma première participation à une nuit de la guérison chamanique au Mont-sur-Lausanne, à peine entré, je croise Patrick, le maître de cérémonies, homme médecine Celte, il me regarde me tend la main et me dit, salut collègue, à me mon air ahuri, il me retroque, ne me regarde pas comme ça… tu le sais…. durant cette première nuit d’expérience, deux autres événements mon confirmé cette possibilité.<br><strong>En 2006</strong>, lors d&rsquo;un cours au collège Arthur Findlay <em>(le premier collège du monde pour l’avancement du spiritisme et des sciences psychiques)</em> à mon arrivée en classe chamanique de Maureen, elle m’a regardé de la tête aux pieds et me dit, tu fais quoi ici&nbsp;? tu n’as rien à apprendre tu sais… heu… &nbsp;j’ai besoin de confirmations.<br><strong>En 2008</strong>, lors d’un grand festival Chamanique, l’opportunité ma été donnée de faire l’acquisition d’une petite pipe sculptée dans un bois rare, qui allait devenir ma pipe sacrée. L’idée met venue de demander à quelques-uns des chamans présents de me la purifier et la consacrer.  Un chaman, Africain, avec lequel j’ai participé à quelques cérémonies, je lui ai fait ma demande, comme les précédents, il me regarde et me dit pourquoi&nbsp; cette &nbsp;demande?. Tu as toutes les aptitudes pour le faire. Wow voici la troisième confirmation de ce que je suis, un homme médecine, un chaman.<br><strong>Avec dans le désordre</strong><br>En France,  j’ai suivi les cérémonies de Rosé Louis, chaman péruvien.<br>En France avec Olivier, facteur d’instruments et chaman, j’ai monté mes tambours et appris les différentes frappes. En Suisse une magnifique journée tambour avec Butch homme médecine Amérindien.<br>Et entre autres, les rencontres et partages avec Christian et sa compagne Johanne, Jean – Marie, Manu, etc… mon grandement permis de recouvrer les capacités de mes vies antérieures.<br>Encore en France, j’ai participé à un grand nombre de (festival) chamanique, qui m’ont permis de côtoyer une grande diversité de chamanes et ainsi de voir, participer et apprendre, diverses cérémonies sacrées, que je pratique et retransmets.<br>Voici voilà une partie du pourquoi je me présente comme chaman et vous propose des initiations chamaniques.  </p>



<p class="has-vivid-green-cyan-background-color has-background">Pour vous inscrire au stage merci de compléter <a href="https://guerisseurdelinvisible.ch/?page_id=38"> le formulaire d’inscription</a> </p>



<p class="has-light-green-cyan-background-color has-background"><strong>Retour à la page ;</strong>      <strong>Acceuil  </strong><a href="https://guerisseurdelinvisible.ch/?page_id=2023"><strong>ICI</strong></a>   &#8212;   <strong>Contact <a href="https://guerisseurdelinvisible.ch/?page_id=38">ICI</a>   </strong><br>&#8211; <strong>Magnétisme à distance &amp; Thérapie sur Skype ou WhatsApp</strong>  <strong><a href="https://guerisseurdelinvisible.ch/?page_id=2848"><strong>ICI</strong></a></strong><br>   &#8211; <strong>Protocole verbale de <strong>Résiliation des contrats, des pactes, des vœux, négatifs</strong>   </strong><a href="https://guerisseurdelinvisible.ch/?page_id=198"><strong>ICI</strong></a><br>    &#8211; <strong>Désimplantation des dispositifs de limitation spirituelle  </strong><a href="https://guerisseurdelinvisible.ch/?page_id=202"><strong>ICI</strong></a><br>      &#8211; <strong>Passeur d&rsquo;âmes (les aider à cheminer vers la lumière)  </strong><a href="https://guerisseurdelinvisible.ch/?page_id=194"><strong>ICI</strong></a><strong><br>        &#8211; Reiki   (énergie de la force universelle de vie)    </strong><a href="https://guerisseurdelinvisible.ch/?page_id=206"><strong>ICI</strong></a><strong><br>         &#8211; Chaman  (une personne qui agit en tant que guide spirituel)   </strong><a href="https://guerisseurdelinvisible.ch/?page_id=178"><strong>ICI</strong></a>   <br><br>&#8211; <strong>Massage manuel classique </strong> <a href="https://guerisseurdelinvisible.ch/?page_id=220"><strong>ICI</strong></a><br> &#8211; <strong>Massage aux pierres chaudes <a href="https://guerisseurdelinvisible.ch/?page_id=223">ICI</a></strong><br><br><strong>Prendre un R.D.V   au   079 481 80 00   ou    par E-mail   </strong><a href="https://guerisseurdelinvisible.ch/?page_id=38"><strong>ICI</strong></a></p>

<p>Séminaire de 4 jours &amp; 3 nuits dates en devenir Déroulement du stage : Les Cérémonies&nbsp;:Cercle avec la Chanunpa, pipe sacrée et cérémonielle.Rituel du feu, préparer et allumer le feu, selon la tradition du Pérou, (pour y déposer ses émotions).Du Feu et offrandes aux ancêtres et former le cercle de paix et de guérison. Les &hellip; </p>
<p class="link-more"><a href="https://guerisseurdelinvisible.ch/?page_id=244" class="more-link">Continuer la lecture<span class="screen-reader-text"> de &laquo;&nbsp;Stage d&rsquo;initiations aux pratiques chamaniques&nbsp;&raquo;</span></a></p>
